Last updated on 2023-09-29 20:59:20 CEST.
Flavor | Version | Tinstall | Tcheck | Ttotal | Status | Flags |
---|---|---|---|---|---|---|
r-devel-linux-x86_64-debian-clang | 1.5.0 | 4.21 | 102.32 | 106.53 | OK | |
r-devel-linux-x86_64-debian-gcc | 1.5.0 | 3.48 | 74.32 | 77.80 | OK | |
r-devel-linux-x86_64-fedora-clang | 1.5.0 | 128.35 | NOTE | |||
r-devel-linux-x86_64-fedora-gcc | 1.5.0 | 134.03 | NOTE | |||
r-devel-windows-x86_64 | 1.5.0 | 8.00 | 226.00 | 234.00 | OK | |
r-patched-linux-x86_64 | 1.5.0 | 4.30 | 99.10 | 103.40 | OK | |
r-release-linux-x86_64 | 1.5.0 | 4.71 | 98.58 | 103.29 | OK | |
r-release-macos-arm64 | 1.5.0 | 51.00 | OK | |||
r-release-macos-x86_64 | 1.5.0 | 112.00 | OK | |||
r-release-windows-x86_64 | 1.5.0 | 8.00 | 252.00 | 260.00 | OK | |
r-oldrel-macos-arm64 | 1.5.0 | 51.00 | OK | |||
r-oldrel-macos-x86_64 | 1.5.0 | 70.00 | OK | |||
r-oldrel-windows-x86_64 | 1.5.0 | 9.00 | 253.00 | 262.00 | OK |
Version: 1.5.0
Check: data for non-ASCII characters
Result: NOTE
Note: found 140280 marked UTF-8 strings
Flavors: r-devel-linux-x86_64-fedora-clang, r-devel-linux-x86_64-fedora-gcc