CRAN Package Check Results for Package covid19brazil

Last updated on 2023-12-04 18:52:11 CET.

Flavor Version Tinstall Tcheck Ttotal Status Flags
r-devel-linux-x86_64-debian-clang 0.1.0 70.22 54.34 124.56 OK
r-devel-linux-x86_64-debian-gcc 0.1.0 65.66 43.04 108.70 OK
r-devel-linux-x86_64-fedora-clang 0.1.0 179.14 NOTE
r-devel-linux-x86_64-fedora-gcc 0.1.0 174.07 NOTE
r-devel-windows-x86_64 0.1.0 69.00 63.00 132.00 OK
r-patched-linux-x86_64 0.1.0 58.80 53.90 112.70 OK
r-release-linux-x86_64 0.1.0 57.82 53.98 111.80 OK
r-release-macos-arm64 0.1.0 81.00 NOTE
r-release-macos-x86_64 0.1.0 115.00 NOTE
r-release-windows-x86_64 0.1.0 85.00 66.00 151.00 OK
r-oldrel-macos-arm64 0.1.0 84.00 NOTE
r-oldrel-macos-x86_64 0.1.0 84.00 NOTE
r-oldrel-windows-x86_64 0.1.0 88.00 78.00 166.00 OK

Check Details

Version: 0.1.0
Check: data for non-ASCII characters
Result: NOTE Note: found 1934235 marked UTF-8 strings Flavors: r-devel-linux-x86_64-fedora-clang, r-devel-linux-x86_64-fedora-gcc, r-oldrel-macos-arm64, r-oldrel-macos-x86_64

Version: 0.1.0
Check: installed package size
Result: NOTE installed size is 5.2Mb sub-directories of 1Mb or more: data 5.1Mb Flavors: r-release-macos-arm64, r-release-macos-x86_64, r-oldrel-macos-arm64