Last updated on 2023-12-10 18:52:07 CET.
Flavor | Version | Tinstall | Tcheck | Ttotal | Status | Flags |
---|---|---|---|---|---|---|
r-devel-linux-x86_64-debian-clang | 0.5.2 | 8.22 | 185.69 | 193.91 | OK | |
r-devel-linux-x86_64-debian-gcc | 0.5.2 | 5.49 | 138.68 | 144.17 | OK | |
r-devel-linux-x86_64-fedora-clang | 0.5.2 | 231.23 | NOTE | |||
r-devel-linux-x86_64-fedora-gcc | 0.5.2 | 237.07 | NOTE | |||
r-devel-windows-x86_64 | 0.5.2 | 8.00 | 178.00 | 186.00 | OK | |
r-patched-linux-x86_64 | 0.5.2 | 6.59 | 182.66 | 189.25 | OK | |
r-release-linux-x86_64 | 0.5.2 | 7.71 | 180.49 | 188.20 | OK | |
r-release-macos-arm64 | 0.5.2 | 95.00 | OK | |||
r-release-macos-x86_64 | 0.5.2 | 200.00 | OK | |||
r-release-windows-x86_64 | 0.5.2 | 10.00 | 217.00 | 227.00 | OK | |
r-oldrel-macos-arm64 | 0.5.2 | 82.00 | OK | |||
r-oldrel-macos-x86_64 | 0.5.2 | 110.00 | OK | |||
r-oldrel-windows-x86_64 | 0.5.2 | 11.00 | 214.00 | 225.00 | OK |
Version: 0.5.2
Check: data for non-ASCII characters
Result: NOTE
Note: found 20 marked UTF-8 strings
Flavors: r-devel-linux-x86_64-fedora-clang, r-devel-linux-x86_64-fedora-gcc