Last updated on 2025-01-24 18:49:40 CET.
Flavor | Version | Tinstall | Tcheck | Ttotal | Status | Flags |
---|---|---|---|---|---|---|
r-devel-linux-x86_64-debian-clang | 1.13.4 | 8.44 | 53.80 | 62.24 | NOTE | |
r-devel-linux-x86_64-debian-gcc | 1.13.4 | 6.94 | 40.19 | 47.13 | NOTE | |
r-devel-linux-x86_64-fedora-clang | 1.13.4 | 100.59 | OK | |||
r-devel-linux-x86_64-fedora-gcc | 1.13.4 | 93.49 | OK | |||
r-devel-windows-x86_64 | 1.13.4 | 13.00 | 72.00 | 85.00 | OK | |
r-patched-linux-x86_64 | 1.13.4 | 9.61 | 50.63 | 60.24 | OK | |
r-release-linux-x86_64 | 1.13.4 | 8.93 | 50.32 | 59.25 | OK | |
r-release-macos-arm64 | 1.13.4 | 31.00 | OK | |||
r-release-macos-x86_64 | 1.13.4 | 49.00 | OK | |||
r-release-windows-x86_64 | 1.13.4 | 12.00 | 69.00 | 81.00 | OK | |
r-oldrel-macos-arm64 | 1.13.4 | 35.00 | OK | |||
r-oldrel-macos-x86_64 | 1.13.4 | 56.00 | OK | |||
r-oldrel-windows-x86_64 | 1.13.4 | 14.00 | 83.00 | 97.00 | OK |
Version: 1.13.4
Check: DESCRIPTION meta-information
Result: NOTE
Missing dependency on R >= 4.1.0 because package code uses the pipe
|> or function shorthand \(...) syntax added in R 4.1.0.
File(s) using such syntax:
‘coxphf-tidiers.R’
Flavors: r-devel-linux-x86_64-debian-clang, r-devel-linux-x86_64-debian-gcc