CRAN Package Check Results for Package crossnma

Last updated on 2023-11-29 18:48:43 CET.

Flavor Version Tinstall Tcheck Ttotal Status Flags
r-devel-linux-x86_64-debian-clang 1.2.0 19.80 381.33 401.13 OK
r-devel-linux-x86_64-debian-gcc 1.2.0 16.45 294.72 311.17 OK
r-devel-linux-x86_64-fedora-clang 1.2.0 500.84 NOTE
r-devel-linux-x86_64-fedora-gcc 1.2.0 487.16 OK
r-devel-windows-x86_64 1.2.0 17.00 449.00 466.00 OK
r-patched-linux-x86_64 1.2.0 25.56 369.46 395.02 OK
r-release-linux-x86_64 1.2.0 13.91 367.89 381.80 OK
r-release-macos-arm64 1.2.0 121.00 OK
r-release-macos-x86_64 1.2.0 246.00 OK
r-release-windows-x86_64 1.2.0 24.00 448.00 472.00 OK
r-oldrel-macos-arm64 1.2.0 121.00 OK
r-oldrel-macos-x86_64 1.2.0 167.00 OK
r-oldrel-windows-x86_64 1.2.0 24.00 440.00 464.00 OK

Check Details

Version: 1.2.0
Check: Rd cross-references
Result: NOTE Undeclared package ‘R2jags’ in Rd xrefs Flavor: r-devel-linux-x86_64-fedora-clang