CRAN Package Check Results for Package crov

Last updated on 2023-12-07 18:49:24 CET.

Flavor Version Tinstall Tcheck Ttotal Status Flags
r-devel-linux-x86_64-debian-clang 0.3.0 5.74 70.80 76.54 NOTE
r-devel-linux-x86_64-debian-gcc 0.3.0 4.40 52.89 57.29 NOTE
r-devel-linux-x86_64-fedora-clang 0.3.0 96.73 OK
r-devel-linux-x86_64-fedora-gcc 0.3.0 97.92 OK
r-devel-windows-x86_64 0.3.0 6.00 75.00 81.00 OK
r-patched-linux-x86_64 0.3.0 6.49 69.84 76.33 OK
r-release-linux-x86_64 0.3.0 6.63 67.86 74.49 OK
r-release-macos-arm64 0.3.0 35.00 OK
r-release-macos-x86_64 0.3.0 77.00 OK
r-release-windows-x86_64 0.3.0 7.00 80.00 87.00 OK
r-oldrel-macos-arm64 0.3.0 34.00 OK
r-oldrel-macos-x86_64 0.3.0 46.00 OK
r-oldrel-windows-x86_64 0.3.0 10.00 85.00 95.00 OK

Check Details

Version: 0.3.0
Check: Rd files
Result: NOTE checkRd: (-1) confRegCCR.Rd:24: Lost braces; missing escapes or markup? 24 | of interest, beta_{0r}, and the remaining ones are the constrained MLEs given beta_{0r}.} | ^ checkRd: (-1) confRegCCR.Rd:24: Lost braces; missing escapes or markup? 24 | of interest, beta_{0r}, and the remaining ones are the constrained MLEs given beta_{0r}.} | ^ checkRd: (-1) confRegCCR.Rd:27: Lost braces; missing escapes or markup? 27 | beta_{0r} in \code{paramVals}, which are those of interest, usually the ones | ^ checkRd: (-1) confRegUCRandUCCR.Rd:24: Lost braces; missing escapes or markup? 24 | of interest, beta_{0r}, and the remaining ones are the unconstrained MLEs given beta_{0r}.} | ^ checkRd: (-1) confRegUCRandUCCR.Rd:24: Lost braces; missing escapes or markup? 24 | of interest, beta_{0r}, and the remaining ones are the unconstrained MLEs given beta_{0r}.} | ^ checkRd: (-1) confRegUCRandUCCR.Rd:27: Lost braces; missing escapes or markup? 27 | beta_{0r} in \code{paramVals}, which are those of interest, usually the ones | ^ Flavors: r-devel-linux-x86_64-debian-clang, r-devel-linux-x86_64-debian-gcc