Last updated on 2023-12-06 18:52:40 CET.
Flavor | Version | Tinstall | Tcheck | Ttotal | Status | Flags |
---|---|---|---|---|---|---|
r-devel-linux-x86_64-debian-clang | 0.5.1 | 27.98 | 166.23 | 194.21 | NOTE | |
r-devel-linux-x86_64-debian-gcc | 0.5.1 | 21.55 | 118.76 | 140.31 | NOTE | |
r-devel-linux-x86_64-fedora-clang | 0.5.1 | 248.44 | OK | |||
r-devel-linux-x86_64-fedora-gcc | 0.5.1 | 233.52 | OK | |||
r-devel-windows-x86_64 | 0.5.1 | 23.00 | 135.00 | 158.00 | OK | |
r-patched-linux-x86_64 | 0.5.1 | 28.11 | 154.31 | 182.42 | OK | |
r-release-linux-x86_64 | 0.5.1 | 19.30 | 153.61 | 172.91 | OK | |
r-release-macos-arm64 | 0.5.1 | 70.00 | OK | |||
r-release-macos-x86_64 | 0.5.1 | 129.00 | OK | |||
r-release-windows-x86_64 | 0.5.1 | 33.00 | 167.00 | 200.00 | OK | |
r-oldrel-macos-arm64 | 0.5.1 | 70.00 | OK | |||
r-oldrel-macos-x86_64 | 0.5.1 | 81.00 | OK | |||
r-oldrel-windows-x86_64 | 0.5.1 | 31.00 | 158.00 | 189.00 | OK |
Version: 0.5.1
Check: Rd files
Result: NOTE
checkRd: (-1) calculate_cell_volume.Rd:16: Lost braces; missing escapes or markup?
16 | V A real number. The volume (in angstroms^3 or angstroms^{-3})
| ^
Flavors: r-devel-linux-x86_64-debian-clang, r-devel-linux-x86_64-debian-gcc