Last updated on 2023-06-02 20:56:23 CEST.
Flavor | Version | Tinstall | Tcheck | Ttotal | Status | Flags |
---|---|---|---|---|---|---|
r-devel-linux-x86_64-debian-clang | 1.1.0 | 18.12 | 156.67 | 174.79 | OK | |
r-devel-linux-x86_64-debian-gcc | 1.1.0 | 15.30 | 120.79 | 136.09 | OK | |
r-devel-linux-x86_64-fedora-clang | 1.1.0 | 1.38 | ERROR | |||
r-devel-linux-x86_64-fedora-gcc | 1.1.0 | 221.99 | OK | |||
r-devel-windows-x86_64 | 1.1.0 | 18.00 | 142.00 | 160.00 | OK | |
r-patched-linux-x86_64 | 1.1.0 | OK | ||||
r-release-linux-x86_64 | 1.1.0 | 15.90 | 153.12 | 169.02 | OK | |
r-release-macos-arm64 | 1.1.0 | 68.00 | OK | |||
r-release-macos-x86_64 | 1.1.0 | 92.00 | OK | |||
r-release-windows-x86_64 | 1.1.0 | 21.00 | 166.00 | 187.00 | OK | |
r-oldrel-macos-arm64 | 1.1.0 | 67.00 | OK | |||
r-oldrel-macos-x86_64 | 1.1.0 | 83.00 | OK | |||
r-oldrel-windows-x86_64 | 1.1.0 | 22.00 | 166.00 | 188.00 | OK |
Version: 1.1.0
Check: package dependencies
Result: ERROR
Package required but not available: ‘relsurv’
See section ‘The DESCRIPTION file’ in the ‘Writing R Extensions’
manual.
Flavor: r-devel-linux-x86_64-fedora-clang