Last updated on 2023-12-01 18:50:53 CET.
Flavor | Version | Tinstall | Tcheck | Ttotal | Status | Flags |
---|---|---|---|---|---|---|
r-devel-linux-x86_64-debian-clang | 0.4.1 | 23.58 | 101.73 | 125.31 | NOTE | |
r-devel-linux-x86_64-debian-gcc | 0.4.1 | 15.14 | 70.21 | 85.35 | NOTE | |
r-devel-linux-x86_64-fedora-clang | 0.4.1 | 162.06 | NOTE | |||
r-devel-linux-x86_64-fedora-gcc | 0.4.1 | 162.63 | NOTE | |||
r-devel-windows-x86_64 | 0.4.1 | 17.00 | 105.00 | 122.00 | NOTE | |
r-patched-linux-x86_64 | 0.4.1 | 19.62 | 97.57 | 117.19 | NOTE | |
r-release-linux-x86_64 | 0.4.1 | 17.83 | 96.68 | 114.51 | NOTE | |
r-release-macos-arm64 | 0.4.1 | 52.00 | NOTE | |||
r-release-macos-x86_64 | 0.4.1 | 84.00 | NOTE | |||
r-release-windows-x86_64 | 0.4.1 | 18.00 | 124.00 | 142.00 | NOTE | |
r-oldrel-macos-arm64 | 0.4.1 | 49.00 | OK | |||
r-oldrel-macos-x86_64 | 0.4.1 | 56.00 | OK | |||
r-oldrel-windows-x86_64 | 0.4.1 | 24.00 | 120.00 | 144.00 | OK |
Version: 0.4.1
Check: C++ specification
Result: NOTE
Specified C++11: please drop specification unless essential
Flavors: r-devel-linux-x86_64-debian-clang, r-devel-linux-x86_64-debian-gcc, r-devel-linux-x86_64-fedora-clang, r-devel-linux-x86_64-fedora-gcc, r-devel-windows-x86_64, r-patched-linux-x86_64, r-release-linux-x86_64, r-release-macos-arm64, r-release-macos-x86_64, r-release-windows-x86_64