Last updated on 2023-12-10 18:52:08 CET.
Flavor | Version | Tinstall | Tcheck | Ttotal | Status | Flags |
---|---|---|---|---|---|---|
r-devel-linux-x86_64-debian-clang | 1.0.2 | 14.60 | 216.59 | 231.19 | NOTE | |
r-devel-linux-x86_64-debian-gcc | 1.0.2 | 10.44 | 158.92 | 169.36 | NOTE | |
r-devel-linux-x86_64-fedora-clang | 1.0.2 | 304.25 | NOTE | |||
r-devel-linux-x86_64-fedora-gcc | 1.0.2 | 297.89 | NOTE | |||
r-devel-windows-x86_64 | 1.0.2 | 11.00 | 178.00 | 189.00 | NOTE | |
r-patched-linux-x86_64 | 1.0.2 | 9.79 | 209.33 | 219.12 | NOTE | |
r-release-linux-x86_64 | 1.0.2 | 10.06 | 206.86 | 216.92 | NOTE | |
r-release-macos-arm64 | 1.0.2 | 87.00 | NOTE | |||
r-release-macos-x86_64 | 1.0.2 | 154.00 | NOTE | |||
r-release-windows-x86_64 | 1.0.2 | 15.00 | 210.00 | 225.00 | NOTE | |
r-oldrel-macos-arm64 | 1.0.2 | 75.00 | OK | |||
r-oldrel-macos-x86_64 | 1.0.2 | 163.00 | OK | |||
r-oldrel-windows-x86_64 | 1.0.2 | 17.00 | 206.00 | 223.00 | OK |
Version: 1.0.2
Check: package subdirectories
Result: NOTE
Problems with news in ‘NEWS.md’:
No news entries found.
Flavors: r-devel-linux-x86_64-debian-clang, r-devel-linux-x86_64-debian-gcc, r-devel-linux-x86_64-fedora-clang, r-devel-linux-x86_64-fedora-gcc, r-devel-windows-x86_64, r-patched-linux-x86_64, r-release-linux-x86_64, r-release-macos-arm64, r-release-macos-x86_64, r-release-windows-x86_64