CRAN Package Check Results for Package cylcop

Last updated on 2023-12-06 18:52:41 CET.

Flavor Version Tinstall Tcheck Ttotal Status Flags
r-devel-linux-x86_64-debian-clang 0.2.0 26.16 211.54 237.70 NOTE
r-devel-linux-x86_64-debian-gcc 0.2.0 20.16 153.74 173.90 NOTE
r-devel-linux-x86_64-fedora-clang 0.2.0 299.90 OK
r-devel-linux-x86_64-fedora-gcc 0.2.0 275.14 OK
r-devel-windows-x86_64 0.2.0 25.00 172.00 197.00 OK
r-patched-linux-x86_64 0.2.0 28.52 196.90 225.42 OK
r-release-linux-x86_64 0.2.0 23.80 198.33 222.13 OK
r-release-macos-arm64 0.2.0 80.00 OK
r-release-macos-x86_64 0.2.0 137.00 OK
r-release-windows-x86_64 0.2.0 33.00 210.00 243.00 OK
r-oldrel-macos-arm64 0.2.0 77.00 OK
r-oldrel-macos-x86_64 0.2.0 105.00 OK
r-oldrel-windows-x86_64 0.2.0 33.00 196.00 229.00 OK

Check Details

Version: 0.2.0
Check: Rd files
Result: NOTE checkRd: (-1) gammamix.Rd:47-48: Lost braces in \itemize; \value handles \item{}{} directly checkRd: (-1) gammamix.Rd:49-51: Lost braces in \itemize; \value handles \item{}{} directly checkRd: (-1) gammamix.Rd:52-53: Lost braces in \itemize; \value handles \item{}{} directly checkRd: (-1) gammamix.Rd:54-55: Lost braces in \itemize; \value handles \item{}{} directly checkRd: (-1) joint.Rd:41-42: Lost braces in \itemize; \value handles \item{}{} directly checkRd: (-1) joint.Rd:43-45: Lost braces in \itemize; \value handles \item{}{} directly checkRd: (-1) joint.Rd:46-47: Lost braces in \itemize; \value handles \item{}{} directly checkRd: (-1) lnormmix.Rd:44-45: Lost braces in \itemize; \value handles \item{}{} directly checkRd: (-1) lnormmix.Rd:46-48: Lost braces in \itemize; \value handles \item{}{} directly checkRd: (-1) lnormmix.Rd:49-50: Lost braces in \itemize; \value handles \item{}{} directly checkRd: (-1) lnormmix.Rd:51-52: Lost braces in \itemize; \value handles \item{}{} directly checkRd: (-1) normmix.Rd:43-44: Lost braces in \itemize; \value handles \item{}{} directly checkRd: (-1) normmix.Rd:45-47: Lost braces in \itemize; \value handles \item{}{} directly checkRd: (-1) normmix.Rd:48-49: Lost braces in \itemize; \value handles \item{}{} directly checkRd: (-1) normmix.Rd:50-51: Lost braces in \itemize; \value handles \item{}{} directly checkRd: (-1) plot_joint_box.Rd:61: Lost braces 61 | and step lengths (code{x}). | ^ checkRd: (-1) vonmisesmix.Rd:40-41: Lost braces in \itemize; \value handles \item{}{} directly checkRd: (-1) vonmisesmix.Rd:42-44: Lost braces in \itemize; \value handles \item{}{} directly checkRd: (-1) vonmisesmix.Rd:45-46: Lost braces in \itemize; \value handles \item{}{} directly checkRd: (-1) vonmisesmix.Rd:47-48: Lost braces in \itemize; \value handles \item{}{} directly checkRd: (-1) weibullmix.Rd:44-45: Lost braces in \itemize; \value handles \item{}{} directly checkRd: (-1) weibullmix.Rd:46-48: Lost braces in \itemize; \value handles \item{}{} directly checkRd: (-1) weibullmix.Rd:49-50: Lost braces in \itemize; \value handles \item{}{} directly checkRd: (-1) weibullmix.Rd:51-52: Lost braces in \itemize; \value handles \item{}{} directly checkRd: (-1) wrappedcauchy.Rd:43-44: Lost braces in \itemize; \value handles \item{}{} directly checkRd: (-1) wrappedcauchy.Rd:45-47: Lost braces in \itemize; \value handles \item{}{} directly checkRd: (-1) wrappedcauchy.Rd:48-49: Lost braces in \itemize; \value handles \item{}{} directly checkRd: (-1) wrappedcauchy.Rd:50-51: Lost braces in \itemize; \value handles \item{}{} directly Flavors: r-devel-linux-x86_64-debian-clang, r-devel-linux-x86_64-debian-gcc