Last updated on 2023-12-02 18:53:38 CET.
Flavor | Version | Tinstall | Tcheck | Ttotal | Status | Flags |
---|---|---|---|---|---|---|
r-devel-linux-x86_64-debian-clang | 0.2.0 | 7.22 | 49.24 | 56.46 | OK | |
r-devel-linux-x86_64-debian-gcc | 0.2.0 | 5.90 | 36.97 | 42.87 | OK | |
r-devel-linux-x86_64-fedora-clang | 0.2.0 | 72.37 | NOTE | |||
r-devel-linux-x86_64-fedora-gcc | 0.2.0 | 69.02 | OK | |||
r-devel-windows-x86_64 | 0.2.0 | 7.00 | 61.00 | 68.00 | OK | |
r-patched-linux-x86_64 | 0.2.0 | 4.84 | 48.07 | 52.91 | OK | |
r-release-linux-x86_64 | 0.2.0 | 4.21 | 45.59 | 49.80 | OK | |
r-release-macos-arm64 | 0.2.0 | 27.00 | OK | |||
r-release-macos-x86_64 | 0.2.0 | 49.00 | OK | |||
r-release-windows-x86_64 | 0.2.0 | 11.00 | 64.00 | 75.00 | OK | |
r-oldrel-macos-arm64 | 0.2.0 | 30.00 | OK | |||
r-oldrel-macos-x86_64 | 0.2.0 | 35.00 | OK | |||
r-oldrel-windows-x86_64 | 0.2.0 | 10.00 | 65.00 | 75.00 | OK |
Version: 0.2.0
Check: Rd cross-references
Result: NOTE
Undeclared package ‘tidyselect’ in Rd xrefs
Flavor: r-devel-linux-x86_64-fedora-clang