Last updated on 2023-12-10 18:52:08 CET.
Flavor | Version | Tinstall | Tcheck | Ttotal | Status | Flags |
---|---|---|---|---|---|---|
r-devel-linux-x86_64-debian-clang | 1.0.2 | 9.04 | 101.39 | 110.43 | NOTE | |
r-devel-linux-x86_64-debian-gcc | 1.0.2 | 7.97 | 74.87 | 82.84 | NOTE | |
r-devel-linux-x86_64-fedora-clang | 1.0.2 | 138.21 | OK | |||
r-devel-linux-x86_64-fedora-gcc | 1.0.2 | 139.88 | OK | |||
r-devel-windows-x86_64 | 1.0.2 | 10.00 | 115.00 | 125.00 | OK | |
r-patched-linux-x86_64 | 1.0.2 | 13.08 | 95.46 | 108.54 | OK | |
r-release-linux-x86_64 | 1.0.2 | 6.63 | 96.72 | 103.35 | OK | |
r-release-macos-arm64 | 1.0.2 | 54.00 | OK | |||
r-release-macos-x86_64 | 1.0.2 | 83.00 | OK | |||
r-release-windows-x86_64 | 1.0.2 | 13.00 | 127.00 | 140.00 | OK | |
r-oldrel-macos-arm64 | 1.0.2 | 49.00 | OK | |||
r-oldrel-macos-x86_64 | 1.0.2 | 86.00 | OK | |||
r-oldrel-windows-x86_64 | 1.0.2 | 14.00 | 123.00 | 137.00 | OK |
Version: 1.0.2
Check: Rd files
Result: NOTE
checkRd: (-1) defaultFactorSummaries.Rd:29: Lost braces
29 | code{\link{variableType}}, \code{\link{countMissing}}, \code{\link{uniqueValues}},
| ^
Flavors: r-devel-linux-x86_64-debian-clang, r-devel-linux-x86_64-debian-gcc