CRAN Package Check Results for Package dataverse

Last updated on 2024-02-26 18:49:57 CET.

Flavor Version Tinstall Tcheck Ttotal Status Flags
r-devel-linux-x86_64-debian-clang 0.3.13 3.68 50.20 53.88 OK
r-devel-linux-x86_64-debian-gcc 0.3.13 3.60 39.06 42.66 OK
r-devel-linux-x86_64-fedora-clang 0.3.13 67.28 OK
r-devel-linux-x86_64-fedora-gcc 0.3.13 76.61 OK
r-devel-windows-x86_64 0.3.13 5.00 79.00 84.00 OK
r-patched-linux-x86_64 0.3.13 4.55 49.53 54.08 OK
r-release-linux-x86_64 0.3.13 3.89 49.57 53.46 OK
r-release-macos-arm64 0.3.13 54.00 OK
r-release-macos-x86_64 0.3.13 94.00 OK
r-release-windows-x86_64 0.3.13 7.00 91.00 98.00 ERROR
r-oldrel-macos-arm64 0.3.13 46.00 OK
r-oldrel-windows-x86_64 0.3.13 6.00 82.00 88.00 OK

Check Details

Version: 0.3.13
Check: re-building of vignette outputs
Result: ERROR Error(s) in re-building vignettes: --- re-building 'A-introduction.Rmd' using rmarkdown --- finished re-building 'A-introduction.Rmd' --- re-building 'B-search.Rmd' using rmarkdown Quitting from lines 21-24 [unnamed-chunk-1] (B-search.Rmd) Error: processing vignette 'B-search.Rmd' failed with diagnostics: Bad Request (HTTP 400). Failed to Search Syntax Error: Error from server at http://dvn-cloud-solr.lib.harvard.edu:8983/solr/collection1: Circuit Breakers tripped Memory Circuit Breaker triggered as JVM heap usage values are greater than allocated threshold.Seen JVM heap memory usage 20855569728 and allocated threshold 20401094656 . --- failed re-building 'B-search.Rmd' --- re-building 'C-download.Rmd' using rmarkdown Quitting from lines 46-50 [unnamed-chunk-3] (C-download.Rmd) Error: processing vignette 'C-download.Rmd' failed with diagnostics: Bad Request (HTTP 400). Failed to Search Syntax Error: Error from server at http://dvn-cloud-solr.lib.harvard.edu:8983/solr/collection1: Circuit Breakers tripped Memory Circuit Breaker triggered as JVM heap usage values are greater than allocated threshold.Seen JVM heap memory usage 20855569728 and allocated threshold 20401094656 . --- failed re-building 'C-download.Rmd' SUMMARY: processing the following files failed: 'B-search.Rmd' 'C-download.Rmd' Error: Vignette re-building failed. Execution halted Flavor: r-release-windows-x86_64