CRAN Package Check Results for Package dbglm

Last updated on 2023-12-09 18:54:14 CET.

Flavor Version Tinstall Tcheck Ttotal Status Flags
r-devel-linux-x86_64-debian-clang 1.0.0 5.97 57.68 63.65 OK
r-devel-linux-x86_64-debian-gcc 1.0.0 5.67 43.33 49.00 OK
r-devel-linux-x86_64-fedora-clang 1.0.0 80.34 NOTE
r-devel-linux-x86_64-fedora-gcc 1.0.0 76.40 NOTE
r-devel-windows-x86_64 1.0.0 7.00 67.00 74.00 OK
r-patched-linux-x86_64 1.0.0 4.31 55.73 60.04 OK
r-release-linux-x86_64 1.0.0 4.41 54.90 59.31 OK
r-release-macos-arm64 1.0.0 27.00 OK
r-release-macos-x86_64 1.0.0 43.00 OK
r-release-windows-x86_64 1.0.0 9.00 73.00 82.00 OK
r-oldrel-macos-arm64 1.0.0 29.00 NOTE
r-oldrel-macos-x86_64 1.0.0 48.00 NOTE
r-oldrel-windows-x86_64 1.0.0 10.00 78.00 88.00 OK

Check Details

Version: 1.0.0
Check: dependencies in R code
Result: NOTE Namespaces in Imports field not imported from: ‘knitr’ ‘tidyverse’ ‘vctrs’ All declared Imports should be used. Flavors: r-devel-linux-x86_64-fedora-clang, r-devel-linux-x86_64-fedora-gcc, r-oldrel-macos-arm64, r-oldrel-macos-x86_64