Last updated on 2023-11-29 18:48:44 CET.
Flavor | Version | Tinstall | Tcheck | Ttotal | Status | Flags |
---|---|---|---|---|---|---|
r-devel-linux-x86_64-debian-clang | 0.1.7 | 17.36 | 101.97 | 119.33 | WARN | |
r-devel-linux-x86_64-debian-gcc | 0.1.7 | 11.93 | 77.19 | 89.12 | OK | |
r-devel-linux-x86_64-fedora-clang | 0.1.7 | 153.53 | WARN | |||
r-devel-linux-x86_64-fedora-gcc | 0.1.7 | 155.65 | OK | |||
r-devel-windows-x86_64 | 0.1.7 | 15.00 | 72.00 | 87.00 | OK | |
r-patched-linux-x86_64 | 0.1.7 | 14.44 | 98.28 | 112.72 | OK | |
r-release-linux-x86_64 | 0.1.7 | 9.50 | 98.96 | 108.46 | OK | |
r-release-macos-arm64 | 0.1.7 | 42.00 | OK | |||
r-release-macos-x86_64 | 0.1.7 | 58.00 | OK | |||
r-release-windows-x86_64 | 0.1.7 | 21.00 | 81.00 | 102.00 | OK | |
r-oldrel-macos-arm64 | 0.1.7 | 28.00 | OK | |||
r-oldrel-macos-x86_64 | 0.1.7 | 42.00 | OK | |||
r-oldrel-windows-x86_64 | 0.1.7 | 21.00 | 87.00 | 108.00 | OK |
Version: 0.1.7
Check: whether package can be installed
Result: WARN
Found the following significant warnings:
curve.c:107:11: warning: format string is not a string literal (potentially insecure) [-Wformat-security]
See ‘/home/hornik/tmp/R.check/r-devel-clang/Work/PKGS/deBif.Rcheck/00install.out’ for details.
* used C compiler: ‘Debian clang version 17.0.5 (1)’
Flavor: r-devel-linux-x86_64-debian-clang
Version: 0.1.7
Check: whether package can be installed
Result: WARN
Found the following significant warnings:
curve.c:107:11: warning: format string is not a string literal (potentially insecure) [-Wformat-security]
See ‘/data/gannet/ripley/R/packages/tests-clang/deBif.Rcheck/00install.out’ for details.
* used C compiler: ‘clang version 17.0.5’
Flavor: r-devel-linux-x86_64-fedora-clang