CRAN Package Check Results for Package debkeepr

Last updated on 2023-12-01 18:50:53 CET.

Flavor Version Tinstall Tcheck Ttotal Status Flags
r-devel-linux-x86_64-debian-clang 0.1.1 6.86 117.94 124.80 OK
r-devel-linux-x86_64-debian-gcc 0.1.1 5.65 87.71 93.36 OK
r-devel-linux-x86_64-fedora-clang 0.1.1 159.43 NOTE
r-devel-linux-x86_64-fedora-gcc 0.1.1 157.51 NOTE
r-devel-windows-x86_64 0.1.1 7.00 104.00 111.00 OK
r-patched-linux-x86_64 0.1.1 6.15 114.07 120.22 OK
r-release-linux-x86_64 0.1.1 5.56 110.68 116.24 OK
r-release-macos-arm64 0.1.1 57.00 OK
r-release-macos-x86_64 0.1.1 87.00 OK
r-release-windows-x86_64 0.1.1 10.00 130.00 140.00 OK
r-oldrel-macos-arm64 0.1.1 50.00 OK
r-oldrel-macos-x86_64 0.1.1 61.00 OK
r-oldrel-windows-x86_64 0.1.1 10.00 125.00 135.00 OK

Check Details

Version: 0.1.1
Check: data for non-ASCII characters
Result: NOTE Note: found 53 marked UTF-8 strings Flavors: r-devel-linux-x86_64-fedora-clang, r-devel-linux-x86_64-fedora-gcc