Last updated on 2023-05-27 20:53:20 CEST.
Flavor | Version | Tinstall | Tcheck | Ttotal | Status | Flags |
---|---|---|---|---|---|---|
r-devel-linux-x86_64-debian-clang | 1.8.0 | 2.83 | 50.66 | 53.49 | OK | |
r-devel-linux-x86_64-debian-gcc | 1.8.0 | 2.57 | 39.19 | 41.76 | OK | |
r-devel-linux-x86_64-fedora-clang | 1.8.0 | 72.74 | OK | |||
r-devel-linux-x86_64-fedora-gcc | 1.8.0 | 68.00 | OK | |||
r-devel-windows-x86_64 | 1.8.0 | 3.00 | 61.00 | 64.00 | OK | |
r-patched-linux-x86_64 | 1.8.0 | 3.34 | 48.96 | 52.30 | OK | |
r-release-linux-x86_64 | 1.8.0 | 2.01 | 48.36 | 50.37 | OK | |
r-release-macos-arm64 | 1.8.0 | 6.00 | ERROR | |||
r-release-macos-x86_64 | 1.8.0 | 5.00 | ERROR | |||
r-release-windows-x86_64 | 1.8.0 | 5.00 | 69.00 | 74.00 | OK | |
r-oldrel-macos-arm64 | 1.8.0 | 6.00 | ERROR | |||
r-oldrel-macos-x86_64 | 1.8.0 | 12.00 | ERROR | |||
r-oldrel-windows-x86_64 | 1.8.0 | 5.00 | 68.00 | 73.00 | OK |
Version: 1.8.0
Check: package dependencies
Result: ERROR
Package required but not available: ‘BSgenome.Hsapiens.UCSC.hg19’
Package suggested but not available for checking: ‘VariantAnnotation’
See section ‘The DESCRIPTION file’ in the ‘Writing R Extensions’
manual.
Flavor: r-release-macos-arm64
Version: 1.8.0
Check: package dependencies
Result: ERROR
Package required but not available: ‘BSgenome.Hsapiens.UCSC.hg19’
See section ‘The DESCRIPTION file’ in the ‘Writing R Extensions’
manual.
Flavors: r-release-macos-x86_64, r-oldrel-macos-arm64, r-oldrel-macos-x86_64