CRAN Package Check Results for Package deflateBR

Last updated on 2024-05-23 20:52:26 CEST.

Flavor Version Tinstall Tcheck Ttotal Status Flags
r-devel-linux-x86_64-debian-clang 1.1.2 3.65 32.56 36.21 NOTE
r-devel-linux-x86_64-debian-gcc 1.1.2 2.19 24.96 27.15 NOTE
r-devel-linux-x86_64-fedora-clang 1.1.2 47.54 NOTE
r-devel-linux-x86_64-fedora-gcc 1.1.2 43.08 NOTE
r-devel-windows-x86_64 1.1.2 3.00 46.00 49.00 NOTE
r-patched-linux-x86_64 1.1.2 3.00 30.95 33.95 NOTE
r-release-linux-x86_64 1.1.2 3.24 30.91 34.15 NOTE
r-release-macos-arm64 1.1.2 19.00 NOTE
r-release-windows-x86_64 1.1.2 4.00 47.00 51.00 NOTE
r-oldrel-macos-arm64 1.1.2 18.00 NOTE
r-oldrel-macos-x86_64 1.1.2 24.00 NOTE
r-oldrel-windows-x86_64 1.1.2 5.00 50.00 55.00 NOTE

Check Details

Version: 1.1.2
Check: LazyData
Result: NOTE 'LazyData' is specified without a 'data' directory Flavors: r-devel-linux-x86_64-debian-clang, r-devel-linux-x86_64-debian-gcc, r-devel-linux-x86_64-fedora-clang, r-devel-linux-x86_64-fedora-gcc, r-devel-windows-x86_64, r-patched-linux-x86_64, r-release-linux-x86_64, r-release-macos-arm64, r-release-windows-x86_64, r-oldrel-macos-arm64, r-oldrel-macos-x86_64, r-oldrel-windows-x86_64