CRAN Package Check Results for Package deformula

Last updated on 2024-02-27 18:49:13 CET.

Flavor Version Tinstall Tcheck Ttotal Status Flags
r-devel-linux-x86_64-debian-clang 0.1.2 22.60 29.21 51.81 NOTE
r-devel-linux-x86_64-debian-gcc 0.1.2 15.69 22.43 38.12 NOTE
r-devel-linux-x86_64-fedora-clang 0.1.2 69.16 NOTE
r-devel-linux-x86_64-fedora-gcc 0.1.2 64.58 NOTE
r-devel-windows-x86_64 0.1.2 17.00 62.00 79.00 NOTE
r-patched-linux-x86_64 0.1.2 22.82 28.12 50.94 NOTE
r-release-linux-x86_64 0.1.2 18.23 28.51 46.74 NOTE
r-release-macos-arm64 0.1.2 23.00 NOTE
r-release-macos-x86_64 0.1.2 36.00 NOTE
r-release-windows-x86_64 0.1.2 17.00 70.00 87.00 NOTE
r-oldrel-macos-arm64 0.1.2 22.00 OK
r-oldrel-windows-x86_64 0.1.2 27.00 64.00 91.00 OK

Check Details

Version: 0.1.2
Check: C++ specification
Result: NOTE Specified C++11: please drop specification unless essential Flavors: r-devel-linux-x86_64-debian-clang, r-devel-linux-x86_64-debian-gcc, r-devel-linux-x86_64-fedora-clang, r-devel-linux-x86_64-fedora-gcc, r-devel-windows-x86_64, r-patched-linux-x86_64, r-release-linux-x86_64, r-release-macos-arm64, r-release-macos-x86_64, r-release-windows-x86_64