CRAN Package Check Results for Package demu

Last updated on 2024-02-24 18:54:47 CET.

Flavor Version Tinstall Tcheck Ttotal Status Flags
r-devel-linux-x86_64-debian-clang 0.3.0 52.27 81.34 133.61 NOTE
r-devel-linux-x86_64-debian-gcc 0.3.0 42.44 61.88 104.32 NOTE
r-devel-linux-x86_64-fedora-clang 0.3.0 173.00 NOTE
r-devel-linux-x86_64-fedora-gcc 0.3.0 176.74 NOTE
r-devel-windows-x86_64 0.3.0 42.00 104.00 146.00 NOTE
r-patched-linux-x86_64 0.3.0 53.47 78.08 131.55 NOTE
r-release-linux-x86_64 0.3.0 52.33 79.16 131.49 NOTE
r-release-macos-arm64 0.3.0 50.00 NOTE
r-release-macos-x86_64 0.3.0 82.00 NOTE
r-release-windows-x86_64 0.3.0 57.00 122.00 179.00 NOTE
r-oldrel-macos-arm64 0.3.0 50.00 NOTE
r-oldrel-windows-x86_64 0.3.0 52.00 115.00 167.00 NOTE

Check Details

Version: 0.3.0
Check: LazyData
Result: NOTE 'LazyData' is specified without a 'data' directory Flavors: r-devel-linux-x86_64-debian-clang, r-devel-linux-x86_64-debian-gcc, r-devel-linux-x86_64-fedora-clang, r-devel-linux-x86_64-fedora-gcc, r-devel-windows-x86_64, r-patched-linux-x86_64, r-release-linux-x86_64, r-release-macos-arm64, r-release-macos-x86_64, r-release-windows-x86_64, r-oldrel-macos-arm64, r-oldrel-windows-x86_64