Last updated on 2023-11-30 18:49:27 CET.
Flavor | Version | Tinstall | Tcheck | Ttotal | Status | Flags |
---|---|---|---|---|---|---|
r-devel-linux-x86_64-debian-clang | 1.1.7 | 4.87 | 33.91 | 38.78 | WARN | |
r-devel-linux-x86_64-debian-gcc | 1.1.8 | 3.63 | 25.67 | 29.30 | OK | |
r-devel-linux-x86_64-fedora-clang | 1.1.8 | 50.63 | OK | |||
r-devel-linux-x86_64-fedora-gcc | 1.1.8 | 47.08 | OK | |||
r-devel-windows-x86_64 | 1.1.8 | 9.00 | 58.00 | 67.00 | OK | |
r-patched-linux-x86_64 | 1.1.8 | 5.70 | 33.18 | 38.88 | OK | |
r-release-linux-x86_64 | 1.1.7 | 4.55 | 32.94 | 37.49 | OK | |
r-release-macos-arm64 | 1.1.8 | 25.00 | OK | |||
r-release-macos-x86_64 | 1.1.7 | 27.00 | OK | |||
r-release-windows-x86_64 | 1.1.8 | 10.00 | 57.00 | 67.00 | OK | |
r-oldrel-macos-arm64 | 1.1.8 | 27.00 | OK | |||
r-oldrel-macos-x86_64 | 1.1.7 | 27.00 | OK | |||
r-oldrel-windows-x86_64 | 1.1.8 | 9.00 | 57.00 | 66.00 | OK |
Version: 1.1.7
Check: whether package can be installed
Result: WARN
Found the following significant warnings:
descr.c:55:70: warning: format specifies type 'int' but the argument has type 'unsigned long' [-Wformat]
descr.c:62:70: warning: format specifies type 'int' but the argument has type 'unsigned long' [-Wformat]
See ‘/home/hornik/tmp/R.check/r-devel-clang/Work/PKGS/descr.Rcheck/00install.out’ for details.
* used C compiler: ‘Debian clang version 17.0.5 (1)’
Flavor: r-devel-linux-x86_64-debian-clang