Last updated on 2023-12-05 18:49:21 CET.
Flavor | Version | Tinstall | Tcheck | Ttotal | Status | Flags |
---|---|---|---|---|---|---|
r-devel-linux-x86_64-debian-clang | 1.0.1 | 22.64 | 27.27 | 49.91 | NOTE | |
r-devel-linux-x86_64-debian-gcc | 1.0.1 | 16.82 | 21.42 | 38.24 | NOTE | |
r-devel-linux-x86_64-fedora-clang | 1.0.1 | 79.36 | NOTE | |||
r-devel-linux-x86_64-fedora-gcc | 1.0.1 | 71.23 | NOTE | |||
r-devel-windows-x86_64 | 1.0.1 | 23.00 | 64.00 | 87.00 | NOTE | |
r-patched-linux-x86_64 | 1.0.1 | 21.06 | 27.20 | 48.26 | NOTE | |
r-release-linux-x86_64 | 1.0.1 | 24.62 | 27.04 | 51.66 | NOTE | |
r-release-macos-arm64 | 1.0.1 | 27.00 | NOTE | |||
r-release-macos-x86_64 | 1.0.1 | 37.00 | NOTE | |||
r-release-windows-x86_64 | 1.0.1 | 29.00 | 67.00 | 96.00 | NOTE | |
r-oldrel-macos-arm64 | 1.0.1 | 26.00 | OK | |||
r-oldrel-macos-x86_64 | 1.0.1 | 31.00 | OK | |||
r-oldrel-windows-x86_64 | 1.0.1 | 27.00 | 68.00 | 95.00 | OK |
Version: 1.0.1
Check: C++ specification
Result: NOTE
Specified C++11: please drop specification unless essential
Flavors: r-devel-linux-x86_64-debian-clang, r-devel-linux-x86_64-debian-gcc, r-devel-linux-x86_64-fedora-clang, r-devel-linux-x86_64-fedora-gcc, r-devel-windows-x86_64, r-patched-linux-x86_64, r-release-linux-x86_64, r-release-macos-arm64, r-release-macos-x86_64, r-release-windows-x86_64