CRAN Package Check Results for Package dials

Last updated on 2024-02-21 18:51:02 CET.

Flavor Version Tinstall Tcheck Ttotal Status Flags
r-devel-linux-x86_64-debian-clang 1.2.0 NOTE
r-devel-linux-x86_64-debian-gcc 1.2.0 6.87 70.84 77.71 NOTE
r-devel-linux-x86_64-fedora-clang 1.2.0 127.54 NOTE
r-devel-linux-x86_64-fedora-gcc 1.2.0 143.81 NOTE
r-devel-windows-x86_64 1.2.0 9.00 102.00 111.00 NOTE
r-patched-linux-x86_64 1.2.0 10.38 91.99 102.37 OK
r-release-linux-x86_64 1.2.0 7.38 91.49 98.87 OK
r-release-macos-arm64 1.2.0 51.00 OK
r-release-macos-x86_64 1.2.0 91.00 OK
r-release-windows-x86_64 1.2.0 12.00 119.00 131.00 OK
r-oldrel-macos-arm64 1.2.0 46.00 OK
r-oldrel-windows-x86_64 1.2.0 13.00 111.00 124.00 OK

Check Details

Version: 1.2.0
Check: Rd \usage sections
Result: NOTE Documented arguments not in \usage in Rd file 'encode_unit.Rd': ‘original’ Functions with \usage entries need to have the appropriate \alias entries, and all their arguments documented. The \usage entries must correspond to syntactically valid R code. See chapter ‘Writing R documentation files’ in the ‘Writing R Extensions’ manual. Flavors: r-devel-linux-x86_64-debian-clang, r-devel-linux-x86_64-debian-gcc, r-devel-linux-x86_64-fedora-clang, r-devel-linux-x86_64-fedora-gcc, r-devel-windows-x86_64