Last updated on 2023-12-05 18:49:21 CET.
Flavor | Version | Tinstall | Tcheck | Ttotal | Status | Flags |
---|---|---|---|---|---|---|
r-devel-linux-x86_64-debian-clang | 0.1.0 | 20.27 | 124.97 | 145.24 | OK | |
r-devel-linux-x86_64-debian-gcc | 0.1.0 | 16.48 | 92.24 | 108.72 | OK | |
r-devel-linux-x86_64-fedora-clang | 0.1.0 | 193.03 | NOTE | |||
r-devel-linux-x86_64-fedora-gcc | 0.1.0 | 186.45 | NOTE | |||
r-devel-windows-x86_64 | 0.1.0 | 20.00 | 105.00 | 125.00 | OK | |
r-patched-linux-x86_64 | 0.1.0 | 13.22 | 117.71 | 130.93 | OK | |
r-release-linux-x86_64 | 0.1.0 | 19.67 | 116.80 | 136.47 | OK | |
r-release-macos-arm64 | 0.1.0 | 56.00 | OK | |||
r-release-macos-x86_64 | 0.1.0 | 89.00 | OK | |||
r-release-windows-x86_64 | 0.1.0 | 28.00 | 127.00 | 155.00 | OK | |
r-oldrel-macos-arm64 | 0.1.0 | 56.00 | NOTE | |||
r-oldrel-macos-x86_64 | 0.1.0 | 112.00 | NOTE | |||
r-oldrel-windows-x86_64 | 0.1.0 | 29.00 | 126.00 | 155.00 | OK |
Version: 0.1.0
Check: data for non-ASCII characters
Result: NOTE
Note: found 8014 marked UTF-8 strings
Flavors: r-devel-linux-x86_64-fedora-clang, r-devel-linux-x86_64-fedora-gcc, r-oldrel-macos-arm64, r-oldrel-macos-x86_64