Last updated on 2023-06-05 20:57:36 CEST.
Flavor | Version | Tinstall | Tcheck | Ttotal | Status | Flags |
---|---|---|---|---|---|---|
r-devel-linux-x86_64-debian-clang | 1.0.1 | 40.32 | 69.48 | 109.80 | OK | |
r-devel-linux-x86_64-debian-gcc | 1.0.1 | 31.08 | 53.30 | 84.38 | OK | |
r-devel-linux-x86_64-fedora-clang | 1.0.1 | 149.26 | OK | |||
r-devel-linux-x86_64-fedora-gcc | 1.0.1 | 155.28 | OK | |||
r-devel-windows-x86_64 | 1.0.1 | 36.00 | 97.00 | 133.00 | OK | |
r-patched-linux-x86_64 | 1.0.1 | 33.93 | 66.92 | 100.85 | OK | |
r-release-linux-x86_64 | 1.0.1 | 33.13 | 65.89 | 99.02 | OK | |
r-release-macos-arm64 | 1.0.1 | 52.00 | OK | |||
r-release-macos-x86_64 | 1.0.1 | 73.00 | NOTE | |||
r-release-windows-x86_64 | 1.0.1 | 46.00 | 109.00 | 155.00 | OK | |
r-oldrel-macos-arm64 | 1.0.1 | 45.00 | OK | |||
r-oldrel-macos-x86_64 | 1.0.1 | 59.00 | OK | |||
r-oldrel-windows-x86_64 | 1.0.1 | 41.00 | 107.00 | 148.00 | OK |
Version: 1.0.1
Check: package dependencies
Result: NOTE
Package suggested but not available for checking: ‘parallelDist’
Flavor: r-release-macos-x86_64