Last updated on 2023-12-05 18:49:21 CET.
Flavor | Version | Tinstall | Tcheck | Ttotal | Status | Flags |
---|---|---|---|---|---|---|
r-devel-linux-x86_64-debian-clang | 3.1.2 | 23.26 | 168.20 | 191.46 | NOTE | |
r-devel-linux-x86_64-debian-gcc | 3.1.2 | 18.70 | 125.08 | 143.78 | NOTE | |
r-devel-linux-x86_64-fedora-clang | 3.1.2 | 250.21 | OK | |||
r-devel-linux-x86_64-fedora-gcc | 3.1.2 | 224.02 | OK | |||
r-devel-windows-x86_64 | 3.1.2 | 21.00 | 141.00 | 162.00 | OK | |
r-patched-linux-x86_64 | 3.1.2 | 22.62 | 159.98 | 182.60 | OK | |
r-release-linux-x86_64 | 3.1.2 | 20.38 | 158.45 | 178.83 | OK | |
r-release-macos-arm64 | 3.1.2 | 65.00 | OK | |||
r-release-macos-x86_64 | 3.1.2 | 123.00 | OK | |||
r-release-windows-x86_64 | 3.1.2 | 28.00 | 176.00 | 204.00 | OK | |
r-oldrel-macos-arm64 | 3.1.2 | 71.00 | OK | |||
r-oldrel-macos-x86_64 | 3.1.2 | 116.00 | OK | |||
r-oldrel-windows-x86_64 | 3.1.2 | 28.00 | 172.00 | 200.00 | OK |
Version: 3.1.2
Check: Rd files
Result: NOTE
checkRd: (-1) app_server.Rd:10: Lost braces; missing escapes or markup?
10 | \item{input, output, session}{Internal parameters for `{shiny}`.
| ^
Flavors: r-devel-linux-x86_64-debian-clang, r-devel-linux-x86_64-debian-gcc