Last updated on 2023-11-28 18:49:15 CET.
Flavor | Version | Tinstall | Tcheck | Ttotal | Status | Flags |
---|---|---|---|---|---|---|
r-devel-linux-x86_64-debian-clang | 1.0.3 | 1.66 | 26.61 | 28.27 | NOTE | |
r-devel-linux-x86_64-debian-gcc | 1.0.3 | 1.55 | 20.54 | 22.09 | NOTE | |
r-devel-linux-x86_64-fedora-clang | 1.0.3 | 37.80 | NOTE | |||
r-devel-linux-x86_64-fedora-gcc | 1.0.3 | 46.11 | NOTE | |||
r-devel-windows-x86_64 | 1.0.3 | 3.00 | 43.00 | 46.00 | NOTE | |
r-patched-linux-x86_64 | 1.0.3 | 1.92 | 25.91 | 27.83 | NOTE | |
r-release-linux-x86_64 | 1.0.3 | 1.87 | 26.60 | 28.47 | NOTE | |
r-release-macos-arm64 | 1.0.3 | 22.00 | NOTE | |||
r-release-macos-x86_64 | 1.0.3 | 33.00 | NOTE | |||
r-release-windows-x86_64 | 1.0.3 | 4.00 | 44.00 | 48.00 | NOTE | |
r-oldrel-macos-arm64 | 1.0.3 | 18.00 | NOTE | |||
r-oldrel-macos-x86_64 | 1.0.3 | 24.00 | NOTE | |||
r-oldrel-windows-x86_64 | 1.0.3 | 4.00 | 48.00 | 52.00 | NOTE |
Version: 1.0.3
Check: LazyData
Result: NOTE
'LazyData' is specified without a 'data' directory
Flavors: r-devel-linux-x86_64-debian-clang, r-devel-linux-x86_64-debian-gcc, r-devel-linux-x86_64-fedora-clang, r-devel-linux-x86_64-fedora-gcc, r-devel-windows-x86_64, r-patched-linux-x86_64, r-release-linux-x86_64, r-release-macos-arm64, r-release-macos-x86_64, r-release-windows-x86_64, r-oldrel-macos-arm64, r-oldrel-macos-x86_64, r-oldrel-windows-x86_64