Last updated on 2023-12-09 18:54:14 CET.
Flavor | Version | Tinstall | Tcheck | Ttotal | Status | Flags |
---|---|---|---|---|---|---|
r-devel-linux-x86_64-debian-clang | 2.8.1 | 9.95 | 111.83 | 121.78 | ERROR | |
r-devel-linux-x86_64-debian-gcc | 2.8.1 | 9.56 | 86.47 | 96.03 | ERROR | |
r-devel-linux-x86_64-fedora-clang | 2.8.1 | 219.92 | OK | |||
r-devel-linux-x86_64-fedora-gcc | 2.8.1 | 216.66 | OK | |||
r-devel-windows-x86_64 | 2.8.1 | 9.00 | 95.00 | 104.00 | ERROR | |
r-patched-linux-x86_64 | 2.8.1 | 11.51 | 152.80 | 164.31 | OK | |
r-release-linux-x86_64 | 2.8.1 | 11.36 | 153.44 | 164.80 | OK | |
r-release-macos-arm64 | 2.8.1 | 74.00 | OK | |||
r-release-macos-x86_64 | 2.8.1 | 121.00 | OK | |||
r-release-windows-x86_64 | 2.8.1 | 12.00 | 179.00 | 191.00 | OK | |
r-oldrel-macos-arm64 | 2.8.1 | 62.00 | OK | |||
r-oldrel-macos-x86_64 | 2.8.1 | 80.00 | OK | |||
r-oldrel-windows-x86_64 | 2.8.1 | 13.00 | 173.00 | 186.00 | OK |
Version: 2.8.1
Check: re-building of vignette outputs
Result: ERROR
Error(s) in re-building vignettes:
...
--- re-building ‘distr.Rnw’ using knitr
Quitting from lines 1036-1040 [examdcP] (distr.Rnw)
Error: processing vignette 'distr.Rnw' failed with diagnostics:
error in evaluating the argument 'object' in selecting a method for function 'decomposePM': unable to find an inherited method for function 'r' for signature 'object = "numeric"'
--- failed re-building ‘distr.Rnw’
SUMMARY: processing the following file failed:
‘distr.Rnw’
Error: Vignette re-building failed.
Execution halted
Flavors: r-devel-linux-x86_64-debian-clang, r-devel-linux-x86_64-debian-gcc
Version: 2.8.1
Check: re-building of vignette outputs
Result: ERROR
Error(s) in re-building vignettes:
--- re-building 'distr.Rnw' using knitr
Quitting from lines 1036-1040 [examdcP] (distr.Rnw)
Error: processing vignette 'distr.Rnw' failed with diagnostics:
error in evaluating the argument 'object' in selecting a method for function 'decomposePM': unable to find an inherited method for function 'r' for signature 'object = "numeric"'
--- failed re-building 'distr.Rnw'
SUMMARY: processing the following file failed:
'distr.Rnw'
Error: Vignette re-building failed.
Execution halted
Flavor: r-devel-windows-x86_64