Last updated on 2023-12-10 18:52:08 CET.
Flavor | Version | Tinstall | Tcheck | Ttotal | Status | Flags |
---|---|---|---|---|---|---|
r-devel-linux-x86_64-debian-clang | 0.3.2 | 9.74 | 84.71 | 94.45 | NOTE | |
r-devel-linux-x86_64-debian-gcc | 0.3.2 | 8.11 | 63.07 | 71.18 | NOTE | |
r-devel-linux-x86_64-fedora-clang | 0.3.2 | 121.07 | OK | |||
r-devel-linux-x86_64-fedora-gcc | 0.3.2 | 117.05 | OK | |||
r-devel-windows-x86_64 | 0.3.2 | 12.00 | 90.00 | 102.00 | OK | |
r-patched-linux-x86_64 | 0.3.2 | 13.99 | 82.19 | 96.18 | OK | |
r-release-linux-x86_64 | 0.3.2 | 10.01 | 81.54 | 91.55 | OK | |
r-release-macos-arm64 | 0.3.2 | 35.00 | OK | |||
r-release-macos-x86_64 | 0.3.2 | 56.00 | OK | |||
r-release-windows-x86_64 | 0.3.2 | 15.00 | 108.00 | 123.00 | OK | |
r-oldrel-macos-arm64 | 0.3.2 | 32.00 | OK | |||
r-oldrel-macos-x86_64 | 0.3.2 | 47.00 | OK | |||
r-oldrel-windows-x86_64 | 0.3.2 | 15.00 | 91.00 | 106.00 | OK |
Version: 0.3.2
Check: Rd files
Result: NOTE
checkRd: (-1) autoplot.distribution.Rd:18: Lost braces; missing escapes or markup?
18 | the {ggdist} package to produce your own distribution plots. You can learn
| ^
checkRd: (-1) autoplot.distribution.Rd:19: Lost braces; missing escapes or markup?
19 | more about how this plot can be produced using {ggdist} here:
| ^
Flavors: r-devel-linux-x86_64-debian-clang, r-devel-linux-x86_64-debian-gcc