CRAN Package Check Results for Package div

Last updated on 2023-11-30 18:49:27 CET.

Flavor Version Tinstall Tcheck Ttotal Status Flags
r-devel-linux-x86_64-debian-clang 0.3.1 11.16 67.90 79.06 OK
r-devel-linux-x86_64-debian-gcc 0.3.1 7.84 50.19 58.03 OK
r-devel-linux-x86_64-fedora-clang 0.3.1 98.52 NOTE
r-devel-linux-x86_64-fedora-gcc 0.3.1 91.76 NOTE
r-devel-windows-x86_64 0.3.1 11.00 72.00 83.00 OK
r-patched-linux-x86_64 0.3.1 7.02 64.80 71.82 OK
r-release-linux-x86_64 0.3.1 5.70 63.12 68.82 OK
r-release-macos-arm64 0.3.1 30.00 OK
r-release-macos-x86_64 0.3.1 55.00 OK
r-release-windows-x86_64 0.3.1 12.00 80.00 92.00 OK
r-oldrel-macos-arm64 0.3.1 39.00 NOTE
r-oldrel-macos-x86_64 0.3.1 64.00 NOTE
r-oldrel-windows-x86_64 0.3.1 14.00 90.00 104.00 OK

Check Details

Version: 0.3.1
Check: dependencies in R code
Result: NOTE Namespaces in Imports field not imported from: ‘gridExtra’ ‘plotly’ ‘pryr’ ‘rpart’ All declared Imports should be used. Flavors: r-devel-linux-x86_64-fedora-clang, r-devel-linux-x86_64-fedora-gcc, r-oldrel-macos-arm64, r-oldrel-macos-x86_64