Last updated on 2023-12-02 18:53:39 CET.
Flavor | Version | Tinstall | Tcheck | Ttotal | Status | Flags |
---|---|---|---|---|---|---|
r-devel-linux-x86_64-debian-clang | 0.4.0 | 178.56 | 123.73 | 302.29 | NOTE | |
r-devel-linux-x86_64-debian-gcc | 0.4.0 | 130.35 | 93.00 | 223.35 | NOTE | |
r-devel-linux-x86_64-fedora-clang | 0.4.0 | 465.31 | NOTE | |||
r-devel-linux-x86_64-fedora-gcc | 0.4.0 | 440.13 | NOTE | |||
r-devel-windows-x86_64 | 0.4.0 | 126.00 | 129.00 | 255.00 | NOTE | |
r-patched-linux-x86_64 | 0.4.0 | 134.00 | 119.25 | 253.25 | NOTE | |
r-release-linux-x86_64 | 0.4.0 | 131.97 | 119.35 | 251.32 | NOTE | |
r-release-macos-arm64 | 0.4.0 | 107.00 | NOTE | |||
r-release-macos-x86_64 | 0.4.0 | 172.00 | NOTE | |||
r-release-windows-x86_64 | 0.4.0 | 178.00 | 155.00 | 333.00 | NOTE | |
r-oldrel-macos-arm64 | 0.4.0 | 64.00 | NOTE | |||
r-oldrel-macos-x86_64 | 0.4.0 | 120.00 | NOTE | |||
r-oldrel-windows-x86_64 | 0.4.0 | 168.00 | 149.00 | 317.00 | NOTE |
Version: 0.4.0
Check: package dependencies
Result: NOTE
Package suggested but not available for checking: ‘BOLTSSIRR’
Flavors: r-devel-linux-x86_64-debian-clang, r-devel-linux-x86_64-debian-gcc, r-devel-linux-x86_64-fedora-clang, r-devel-linux-x86_64-fedora-gcc, r-devel-windows-x86_64, r-patched-linux-x86_64, r-release-linux-x86_64, r-release-macos-arm64, r-release-macos-x86_64, r-release-windows-x86_64, r-oldrel-macos-arm64, r-oldrel-macos-x86_64, r-oldrel-windows-x86_64
Version: 0.4.0
Check: installed package size
Result: NOTE
installed size is 9.9Mb
sub-directories of 1Mb or more:
libs 9.5Mb
Flavors: r-release-macos-arm64, r-release-macos-x86_64, r-oldrel-macos-arm64, r-oldrel-macos-x86_64