Last updated on 2023-12-09 18:54:14 CET.
Flavor | Version | Tinstall | Tcheck | Ttotal | Status | Flags |
---|---|---|---|---|---|---|
r-devel-linux-x86_64-debian-clang | 0.6.2 | 41.72 | 324.43 | 366.15 | NOTE | |
r-devel-linux-x86_64-debian-gcc | 0.6.2 | 34.82 | 236.97 | 271.79 | NOTE | |
r-devel-linux-x86_64-fedora-clang | 0.6.2 | 441.64 | OK | |||
r-devel-linux-x86_64-fedora-gcc | 0.6.2 | 435.69 | OK | |||
r-devel-windows-x86_64 | 0.6.2 | 38.00 | 277.00 | 315.00 | OK | |
r-patched-linux-x86_64 | 0.6.2 | 52.34 | 313.31 | 365.65 | OK | |
r-release-linux-x86_64 | 0.6.2 | 32.37 | 305.46 | 337.83 | OK | |
r-release-macos-arm64 | 0.6.2 | 112.00 | OK | |||
r-release-macos-x86_64 | 0.6.2 | 220.00 | OK | |||
r-release-windows-x86_64 | 0.6.2 | 50.00 | 352.00 | 402.00 | OK | |
r-oldrel-macos-arm64 | 0.6.2 | 111.00 | OK | |||
r-oldrel-macos-x86_64 | 0.6.2 | 186.00 | OK | |||
r-oldrel-windows-x86_64 | 0.6.2 | 49.00 | 357.00 | 406.00 | OK |
Version: 0.6.2
Check: Rd files
Result: NOTE
checkRd: (-1) plot.compare_category.Rd:31: Lost braces; missing escapes or markup?
31 | However, it only support las parameter. las is numeric in {0,1}; the style of axis labels.
| ^
Flavors: r-devel-linux-x86_64-debian-clang, r-devel-linux-x86_64-debian-gcc