Last updated on 2023-12-04 18:52:13 CET.
Flavor | Version | Tinstall | Tcheck | Ttotal | Status | Flags |
---|---|---|---|---|---|---|
r-devel-linux-x86_64-debian-clang | 1.3.1 | 7.24 | 69.95 | 77.19 | OK | |
r-devel-linux-x86_64-debian-gcc | 1.3.1 | 6.02 | 52.38 | 58.40 | OK | |
r-devel-linux-x86_64-fedora-clang | 1.3.1 | 98.62 | NOTE | |||
r-devel-linux-x86_64-fedora-gcc | 1.3.1 | 100.84 | NOTE | |||
r-devel-windows-x86_64 | 1.3.1 | 7.00 | 75.00 | 82.00 | OK | |
r-patched-linux-x86_64 | 1.3.1 | 5.86 | 65.95 | 71.81 | OK | |
r-release-linux-x86_64 | 1.3.1 | 5.79 | 66.25 | 72.04 | OK | |
r-release-macos-arm64 | 1.3.1 | 37.00 | OK | |||
r-release-macos-x86_64 | 1.3.1 | 77.00 | OK | |||
r-release-windows-x86_64 | 1.3.1 | 9.00 | 85.00 | 94.00 | OK | |
r-oldrel-macos-arm64 | 1.3.1 | 37.00 | OK | |||
r-oldrel-macos-x86_64 | 1.3.1 | 50.00 | OK | |||
r-oldrel-windows-x86_64 | 1.3.1 | 9.00 | 90.00 | 99.00 | OK |
Version: 1.3.1
Check: data for non-ASCII characters
Result: NOTE
Note: found 175 marked UTF-8 strings
Flavors: r-devel-linux-x86_64-fedora-clang, r-devel-linux-x86_64-fedora-gcc