Last updated on 2023-09-24 21:04:42 CEST.
Flavor | Version | Tinstall | Tcheck | Ttotal | Status | Flags |
---|---|---|---|---|---|---|
r-devel-linux-x86_64-debian-clang | 1.0.20 | 2.07 | 24.38 | 26.45 | NOTE | |
r-devel-linux-x86_64-debian-gcc | 1.0.20 | 1.93 | 19.20 | 21.13 | NOTE | |
r-devel-linux-x86_64-fedora-clang | 1.0.20 | 32.79 | OK | |||
r-devel-linux-x86_64-fedora-gcc | 1.0.20 | 32.30 | OK | |||
r-devel-windows-x86_64 | 1.0.20 | 4.00 | 43.00 | 47.00 | OK | |
r-patched-linux-x86_64 | 1.0.20 | 1.97 | 23.59 | 25.56 | NOTE | |
r-release-linux-x86_64 | 1.0.20 | 2.28 | 24.23 | 26.51 | NOTE | |
r-release-macos-arm64 | 1.0.20 | 16.00 | OK | |||
r-release-macos-x86_64 | 1.0.20 | 22.00 | OK | |||
r-release-windows-x86_64 | 1.0.20 | 5.00 | 42.00 | 47.00 | OK | |
r-oldrel-macos-arm64 | 1.0.20 | 19.00 | OK | |||
r-oldrel-macos-x86_64 | 1.0.20 | 23.00 | OK | |||
r-oldrel-windows-x86_64 | 1.0.20 | 4.00 | 45.00 | 49.00 | OK |
Version: 1.0.20
Check: R code for possible problems
Result: NOTE
Found the following calls to attach():
File ‘doSNOW/R/doSNOW.R’:
attach(exportEnv)
See section ‘Good practice’ in ‘?attach’.
Flavors: r-devel-linux-x86_64-debian-clang, r-devel-linux-x86_64-debian-gcc, r-patched-linux-x86_64, r-release-linux-x86_64