Last updated on 2023-12-01 18:50:54 CET.
Flavor | Version | Tinstall | Tcheck | Ttotal | Status | Flags |
---|---|---|---|---|---|---|
r-devel-linux-x86_64-debian-clang | 0.4.0 | 5.99 | 73.18 | 79.17 | NOTE | |
r-devel-linux-x86_64-debian-gcc | 0.4.0 | 4.41 | 51.99 | 56.40 | NOTE | |
r-devel-linux-x86_64-fedora-clang | 0.4.0 | 101.78 | NOTE | |||
r-devel-linux-x86_64-fedora-gcc | 0.4.0 | 89.31 | NOTE | |||
r-devel-windows-x86_64 | 0.4.0 | 7.00 | 77.00 | 84.00 | NOTE | |
r-patched-linux-x86_64 | 0.4.0 | 6.39 | 70.40 | 76.79 | NOTE | |
r-release-linux-x86_64 | 0.4.0 | 5.65 | 66.94 | 72.59 | NOTE | |
r-release-macos-arm64 | 0.4.0 | 30.00 | NOTE | |||
r-release-macos-x86_64 | 0.4.0 | 45.00 | NOTE | |||
r-release-windows-x86_64 | 0.4.0 | 9.00 | 88.00 | 97.00 | NOTE | |
r-oldrel-macos-arm64 | 0.4.0 | 28.00 | NOTE | |||
r-oldrel-macos-x86_64 | 0.4.0 | 37.00 | NOTE | |||
r-oldrel-windows-x86_64 | 0.4.0 | 9.00 | 95.00 | 104.00 | NOTE |
Version: 0.4.0
Check: LazyData
Result: NOTE
'LazyData' is specified without a 'data' directory
Flavors: r-devel-linux-x86_64-debian-clang, r-devel-linux-x86_64-debian-gcc, r-devel-linux-x86_64-fedora-clang, r-devel-linux-x86_64-fedora-gcc, r-devel-windows-x86_64, r-patched-linux-x86_64, r-release-linux-x86_64, r-release-macos-arm64, r-release-macos-x86_64, r-release-windows-x86_64, r-oldrel-macos-arm64, r-oldrel-macos-x86_64, r-oldrel-windows-x86_64