CRAN Package Check Results for Package dotsViolin

Last updated on 2024-07-21 20:50:58 CEST.

Flavor Version Tinstall Tcheck Ttotal Status Flags
r-devel-linux-x86_64-debian-clang 0.0.1 4.84 61.97 66.81 OK
r-devel-linux-x86_64-debian-gcc 0.0.1 5.22 47.40 52.62 OK
r-devel-linux-x86_64-fedora-clang 0.0.1 85.93 NOTE
r-devel-linux-x86_64-fedora-gcc 0.0.1 80.83 NOTE
r-devel-windows-x86_64 0.0.1 9.00 66.00 75.00 OK
r-patched-linux-x86_64 0.0.1 6.74 59.18 65.92 OK
r-release-linux-x86_64 0.0.1 4.43 60.26 64.69 OK
r-release-macos-arm64 0.0.1 29.00 OK
r-release-macos-x86_64 0.0.1 42.00 OK
r-release-windows-x86_64 0.0.1 6.00 66.00 72.00 OK
r-oldrel-macos-arm64 0.0.1 32.00 OK
r-oldrel-macos-x86_64 0.0.1 57.00 OK
r-oldrel-windows-x86_64 0.0.1 8.00 75.00 83.00 OK

Check Details

Version: 0.0.1
Check: data for non-ASCII characters
Result: NOTE Note: found 2 marked UTF-8 strings Flavors: r-devel-linux-x86_64-fedora-clang, r-devel-linux-x86_64-fedora-gcc