Last updated on 2023-12-04 18:52:13 CET.
Flavor | Version | Tinstall | Tcheck | Ttotal | Status | Flags |
---|---|---|---|---|---|---|
r-devel-linux-x86_64-debian-clang | 0.3.3 | 2.78 | 47.86 | 50.64 | OK | |
r-devel-linux-x86_64-debian-gcc | 0.3.3 | 2.31 | 36.74 | 39.05 | OK | |
r-devel-linux-x86_64-fedora-clang | 0.3.3 | 64.50 | NOTE | |||
r-devel-linux-x86_64-fedora-gcc | 0.3.3 | 71.28 | OK | |||
r-devel-windows-x86_64 | 0.3.3 | 5.00 | 60.00 | 65.00 | NOTE | |
r-patched-linux-x86_64 | 0.3.3 | 2.70 | 45.59 | 48.29 | OK | |
r-release-linux-x86_64 | 0.3.3 | 2.80 | 46.00 | 48.80 | OK | |
r-release-macos-arm64 | 0.3.3 | 40.00 | NOTE | |||
r-release-macos-x86_64 | 0.3.3 | 75.00 | NOTE | |||
r-release-windows-x86_64 | 0.3.3 | 5.00 | 63.00 | 68.00 | NOTE | |
r-oldrel-macos-arm64 | 0.3.3 | 35.00 | NOTE | |||
r-oldrel-macos-x86_64 | 0.3.2 | 38.00 | NOTE | |||
r-oldrel-windows-x86_64 | 0.3.3 | 5.00 | 65.00 | 70.00 | NOTE |
Version: 0.3.3
Check: installed package size
Result: NOTE
installed size is 5.3Mb
sub-directories of 1Mb or more:
assets 2.9Mb
doc 2.1Mb
Flavors: r-devel-linux-x86_64-fedora-clang, r-devel-windows-x86_64, r-release-macos-arm64, r-release-macos-x86_64, r-release-windows-x86_64, r-oldrel-macos-arm64, r-oldrel-windows-x86_64
Version: 0.3.2
Check: installed package size
Result: NOTE
installed size is 5.2Mb
sub-directories of 1Mb or more:
assets 2.9Mb
doc 2.1Mb
Flavor: r-oldrel-macos-x86_64