Last updated on 2023-12-10 18:52:09 CET.
Flavor | Version | Tinstall | Tcheck | Ttotal | Status | Flags |
---|---|---|---|---|---|---|
r-devel-linux-x86_64-debian-clang | 0.4.4 | 9.47 | 210.76 | 220.23 | NOTE | |
r-devel-linux-x86_64-debian-gcc | 0.4.4 | 7.76 | 157.96 | 165.72 | NOTE | |
r-devel-linux-x86_64-fedora-clang | 0.4.4 | 271.52 | NOTE | |||
r-devel-linux-x86_64-fedora-gcc | 0.4.4 | 267.35 | OK | |||
r-devel-windows-x86_64 | 0.4.4 | 11.00 | 198.00 | 209.00 | OK | |
r-patched-linux-x86_64 | 0.4.4 | 9.21 | 203.14 | 212.35 | OK | |
r-release-linux-x86_64 | 0.4.4 | 7.27 | 204.42 | 211.69 | OK | |
r-release-macos-arm64 | 0.4.4 | 86.00 | OK | |||
r-release-macos-x86_64 | 0.4.4 | 185.00 | OK | |||
r-release-windows-x86_64 | 0.4.4 | 13.00 | 248.00 | 261.00 | OK | |
r-oldrel-macos-arm64 | 0.4.4 | 78.00 | OK | |||
r-oldrel-macos-x86_64 | 0.4.4 | 98.00 | OK | |||
r-oldrel-windows-x86_64 | 0.4.4 | 13.00 | 217.00 | 230.00 | OK |
Version: 0.4.4
Check: Rd files
Result: NOTE
checkRd: (-1) count_subgroup.Rd:29: Lost braces; missing escapes or markup?
29 | {.subgroup} for the subgroup column name and \{.name\} for the subgroup
| ^
checkRd: (-1) p_count_subgroup.Rd:29: Lost braces; missing escapes or markup?
29 | {.subgroup} for the subgroup column name and \{.name\} for the subgroup
| ^
Flavors: r-devel-linux-x86_64-debian-clang, r-devel-linux-x86_64-debian-gcc
Version: 0.4.4
Check: Rd cross-references
Result: NOTE
Undeclared package ‘vctrs’ in Rd xrefs
Flavor: r-devel-linux-x86_64-fedora-clang