CRAN Package Check Results for Package dumbbell

Last updated on 2024-06-13 20:49:06 CEST.

Flavor Version Tinstall Tcheck Ttotal Status Flags
r-devel-linux-x86_64-debian-clang 0.1 6.24 75.16 81.40 NOTE
r-devel-linux-x86_64-debian-gcc 0.1 0.38 1.88 2.26 ERROR
r-devel-linux-x86_64-fedora-clang 0.1 108.83 NOTE
r-devel-linux-x86_64-fedora-gcc 0.1 113.36 NOTE
r-devel-windows-x86_64 0.1 8.00 73.00 81.00 NOTE
r-patched-linux-x86_64 0.1 5.92 73.23 79.15 NOTE
r-release-linux-x86_64 0.1 7.70 74.63 82.33 NOTE
r-release-macos-arm64 0.1 37.00 NOTE
r-release-macos-x86_64 0.1 54.00 NOTE
r-release-windows-x86_64 0.1 8.00 76.00 84.00 NOTE
r-oldrel-macos-arm64 0.1 38.00 NOTE
r-oldrel-macos-x86_64 0.1 56.00 NOTE
r-oldrel-windows-x86_64 0.1 10.00 83.00 93.00 NOTE

Check Details

Version: 0.1
Check: LazyData
Result: NOTE 'LazyData' is specified without a 'data' directory Flavors: r-devel-linux-x86_64-debian-clang, r-devel-linux-x86_64-fedora-clang, r-devel-linux-x86_64-fedora-gcc, r-devel-windows-x86_64, r-patched-linux-x86_64, r-release-linux-x86_64, r-release-macos-arm64, r-release-macos-x86_64, r-release-windows-x86_64, r-oldrel-macos-arm64, r-oldrel-macos-x86_64, r-oldrel-windows-x86_64

Version: 0.1
Check: package dependencies
Result: ERROR Packages required but not available: 'dplyr', 'tidyr', 'tidyverse', 'ggplot2', 'rstatix' See section ‘The DESCRIPTION file’ in the ‘Writing R Extensions’ manual. Flavor: r-devel-linux-x86_64-debian-gcc