Last updated on 2023-12-06 18:52:42 CET.
Flavor | Version | Tinstall | Tcheck | Ttotal | Status | Flags |
---|---|---|---|---|---|---|
r-devel-linux-x86_64-debian-clang | 0.1 | 7.46 | 70.08 | 77.54 | NOTE | |
r-devel-linux-x86_64-debian-gcc | 0.1 | 5.79 | 51.80 | 57.59 | NOTE | |
r-devel-linux-x86_64-fedora-clang | 0.1 | 96.87 | NOTE | |||
r-devel-linux-x86_64-fedora-gcc | 0.1 | 101.07 | NOTE | |||
r-devel-windows-x86_64 | 0.1 | 8.00 | 74.00 | 82.00 | NOTE | |
r-patched-linux-x86_64 | 0.1 | 5.84 | 64.22 | 70.06 | NOTE | |
r-release-linux-x86_64 | 0.1 | 4.48 | 64.95 | 69.43 | NOTE | |
r-release-macos-arm64 | 0.1 | 38.00 | NOTE | |||
r-release-macos-x86_64 | 0.1 | 56.00 | NOTE | |||
r-release-windows-x86_64 | 0.1 | 10.00 | 83.00 | 93.00 | NOTE | |
r-oldrel-macos-arm64 | 0.1 | 38.00 | NOTE | |||
r-oldrel-macos-x86_64 | 0.1 | 74.00 | NOTE | |||
r-oldrel-windows-x86_64 | 0.1 | 10.00 | 86.00 | 96.00 | NOTE |
Version: 0.1
Check: LazyData
Result: NOTE
'LazyData' is specified without a 'data' directory
Flavors: r-devel-linux-x86_64-debian-clang, r-devel-linux-x86_64-debian-gcc, r-devel-linux-x86_64-fedora-clang, r-devel-linux-x86_64-fedora-gcc, r-devel-windows-x86_64, r-patched-linux-x86_64, r-release-linux-x86_64, r-release-macos-arm64, r-release-macos-x86_64, r-release-windows-x86_64, r-oldrel-macos-arm64, r-oldrel-macos-x86_64, r-oldrel-windows-x86_64