Last updated on 2023-11-29 18:48:44 CET.
Flavor | Version | Tinstall | Tcheck | Ttotal | Status | Flags |
---|---|---|---|---|---|---|
r-devel-linux-x86_64-debian-clang | 1.2.3 | 5.72 | 51.83 | 57.55 | NOTE | |
r-devel-linux-x86_64-debian-gcc | 1.2.3 | 4.46 | 39.54 | 44.00 | NOTE | |
r-devel-linux-x86_64-fedora-clang | 1.2.3 | 72.86 | OK | |||
r-devel-linux-x86_64-fedora-gcc | 1.2.3 | 67.52 | OK | |||
r-devel-windows-x86_64 | 1.2.3 | 6.00 | 60.00 | 66.00 | OK | |
r-patched-linux-x86_64 | 1.2.3 | 8.55 | 50.90 | 59.45 | OK | |
r-release-linux-x86_64 | 1.2.3 | 4.59 | 50.39 | 54.98 | OK | |
r-release-macos-arm64 | 1.2.3 | 27.00 | OK | |||
r-release-macos-x86_64 | 1.2.3 | 37.00 | OK | |||
r-release-windows-x86_64 | 1.2.3 | 7.00 | 63.00 | 70.00 | OK | |
r-oldrel-macos-arm64 | 1.2.3 | 24.00 | OK | |||
r-oldrel-macos-x86_64 | 1.2.3 | 44.00 | OK | |||
r-oldrel-windows-x86_64 | 1.2.3 | 8.00 | 69.00 | 77.00 | OK |
Version: 1.2.3
Check: Rd files
Result: NOTE
checkRd: (-1) dynsim.Rd:48: Lost braces in \itemize; \value handles \item{}{} directly
checkRd: (-1) dynsim.Rd:49: Lost braces in \itemize; \value handles \item{}{} directly
checkRd: (-1) dynsim.Rd:50-51: Lost braces in \itemize; \value handles \item{}{} directly
checkRd: (-1) dynsim.Rd:52: Lost braces in \itemize; \value handles \item{}{} directly
checkRd: (-1) dynsim.Rd:53-54: Lost braces in \itemize; \value handles \item{}{} directly
checkRd: (-1) dynsim.Rd:55-56: Lost braces in \itemize; \value handles \item{}{} directly
checkRd: (-1) dynsim.Rd:57-58: Lost braces in \itemize; \value handles \item{}{} directly
checkRd: (-1) dynsim.Rd:59-60: Lost braces in \itemize; \value handles \item{}{} directly
Flavors: r-devel-linux-x86_64-debian-clang, r-devel-linux-x86_64-debian-gcc