Last updated on 2023-11-27 18:51:00 CET.
Flavor | Version | Tinstall | Tcheck | Ttotal | Status | Flags |
---|---|---|---|---|---|---|
r-devel-linux-x86_64-debian-clang | 0.9.9-11 | 16.45 | 129.93 | 146.38 | NOTE | |
r-devel-linux-x86_64-debian-gcc | 0.9.9-11 | 14.17 | 101.21 | 115.38 | NOTE | |
r-devel-linux-x86_64-fedora-clang | 0.9.9-11 | 185.79 | NOTE | |||
r-devel-linux-x86_64-fedora-gcc | 0.9.9-11 | 193.29 | NOTE | |||
r-devel-windows-x86_64 | 0.9.9-11 | 15.00 | 132.00 | 147.00 | NOTE | |
r-patched-linux-x86_64 | 0.9.9-11 | 15.33 | 125.48 | 140.81 | OK | |
r-release-linux-x86_64 | 0.9.9-11 | 12.22 | 128.24 | 140.46 | OK | |
r-release-macos-arm64 | 0.9.9-11 | 68.00 | NOTE | |||
r-release-macos-x86_64 | 0.9.9-11 | 106.00 | NOTE | |||
r-release-windows-x86_64 | 0.9.9-11 | 20.00 | 149.00 | 169.00 | OK | |
r-oldrel-macos-arm64 | 0.9.9-11 | 52.00 | OK | |||
r-oldrel-macos-x86_64 | 0.9.9-11 | 94.00 | OK | |||
r-oldrel-windows-x86_64 | 0.9.9-11 | 21.00 | 147.00 | 168.00 | OK |
Version: 0.9.9-11
Check: package namespace information
Result: NOTE
Found export directives that require package ‘methods’:
‘exportClasses’ ‘exportMethods’
Remove all such namespace directives (if obsolete) or ensure that the
DESCRIPTION Depends or Imports field contains ‘methods’.
Flavors: r-devel-linux-x86_64-debian-clang, r-devel-linux-x86_64-debian-gcc, r-devel-linux-x86_64-fedora-clang, r-devel-linux-x86_64-fedora-gcc, r-devel-windows-x86_64
Version: 0.9.9-11
Check: installed package size
Result: NOTE
installed size is 5.0Mb
sub-directories of 1Mb or more:
data 4.2Mb
Flavors: r-devel-linux-x86_64-fedora-clang, r-release-macos-arm64, r-release-macos-x86_64