CRAN Package Check Results for Package earlyR

Last updated on 2023-11-30 18:49:28 CET.

Flavor Version Tinstall Tcheck Ttotal Status Flags
r-devel-linux-x86_64-debian-clang 0.0.5 5.85 72.00 77.85 NOTE
r-devel-linux-x86_64-debian-gcc 0.0.5 4.89 54.42 59.31 NOTE
r-devel-linux-x86_64-fedora-clang 0.0.5 97.49 NOTE
r-devel-linux-x86_64-fedora-gcc 0.0.5 108.63 NOTE
r-devel-windows-x86_64 0.0.5 6.00 76.00 82.00 NOTE
r-patched-linux-x86_64 0.0.5 4.08 67.81 71.89 NOTE
r-release-linux-x86_64 0.0.5 3.55 69.55 73.10 NOTE
r-release-macos-arm64 0.0.5 38.00 NOTE
r-release-macos-x86_64 0.0.5 54.00 NOTE
r-release-windows-x86_64 0.0.5 8.00 84.00 92.00 NOTE
r-oldrel-macos-arm64 0.0.5 37.00 NOTE
r-oldrel-macos-x86_64 0.0.5 76.00 NOTE
r-oldrel-windows-x86_64 0.0.5 8.00 91.00 99.00 NOTE

Check Details

Version: 0.0.5
Check: Rd files
Result: NOTE checkRd: (-1) plot.earlyR.Rd:34-46: Lost braces 34 | if (require(incidence)) { | ^ Flavors: r-devel-linux-x86_64-debian-clang, r-devel-linux-x86_64-debian-gcc

Version: 0.0.5
Check: LazyData
Result: NOTE 'LazyData' is specified without a 'data' directory Flavors: r-devel-linux-x86_64-debian-clang, r-devel-linux-x86_64-debian-gcc, r-devel-linux-x86_64-fedora-clang, r-devel-linux-x86_64-fedora-gcc, r-devel-windows-x86_64, r-patched-linux-x86_64, r-release-linux-x86_64, r-release-macos-arm64, r-release-macos-x86_64, r-release-windows-x86_64, r-oldrel-macos-arm64, r-oldrel-macos-x86_64, r-oldrel-windows-x86_64