CRAN Package Check Results for Package earlywarnings

Last updated on 2024-02-25 18:51:22 CET.

Flavor Version Tinstall Tcheck Ttotal Status Flags
r-devel-linux-x86_64-debian-clang 1.1.29 12.65 105.74 118.39 NOTE
r-devel-linux-x86_64-debian-gcc 1.1.29 9.92 79.09 89.01 NOTE
r-devel-linux-x86_64-fedora-clang 1.1.29 141.86 NOTE
r-devel-linux-x86_64-fedora-gcc 1.1.29 159.94 NOTE
r-devel-windows-x86_64 1.1.29 11.00 99.00 110.00 OK
r-patched-linux-x86_64 1.1.29 10.43 104.16 114.59 OK
r-release-linux-x86_64 1.1.29 10.87 103.14 114.01 OK
r-release-macos-arm64 1.1.29 48.00 OK
r-release-macos-x86_64 1.1.29 82.00 OK
r-release-windows-x86_64 1.1.29 16.00 120.00 136.00 OK
r-oldrel-macos-arm64 1.1.29 48.00 NOTE
r-oldrel-windows-x86_64 1.1.29 14.00 116.00 130.00 OK

Check Details

Version: 1.1.29
Check: Rd files
Result: NOTE checkRd: (-1) surrogates_ews.Rd:31: Lost braces 31 | \item{span}{parameter that controls the degree of smoothing (numeric between 0 and 100, Default 25). see more on loess{stats}} | ^ checkRd: (-1) surrogates_ews.Rd:33: Lost braces 33 | \item{degree}{the degree of polynomial to be used for when loess fitting is applied, normally 1 or 2 (Default). see more on loess{stats}} | ^ Flavors: r-devel-linux-x86_64-debian-clang, r-devel-linux-x86_64-debian-gcc

Version: 1.1.29
Check: dependencies in R code
Result: NOTE Namespace in Imports field not imported from: ‘knitr’ All declared Imports should be used. Flavors: r-devel-linux-x86_64-fedora-clang, r-devel-linux-x86_64-fedora-gcc, r-oldrel-macos-arm64