CRAN Package Check Results for Package earth

Last updated on 2024-03-02 18:53:59 CET.

Flavor Version Tinstall Tcheck Ttotal Status Flags
r-devel-linux-x86_64-debian-clang 5.3.2 23.55 98.68 122.23 NOTE
r-devel-linux-x86_64-debian-gcc 5.3.3 15.32 72.76 88.08 OK
r-devel-linux-x86_64-fedora-clang 5.3.3 157.31 NOTE
r-devel-linux-x86_64-fedora-gcc 5.3.3 150.73 OK
r-devel-windows-x86_64 5.3.3 20.00 87.00 107.00 OK
r-patched-linux-x86_64 5.3.3 24.66 97.72 122.38 OK
r-release-linux-x86_64 5.3.3 18.22 96.78 115.00 OK
r-release-macos-arm64 5.3.3 45.00 OK
r-release-macos-x86_64 5.3.3 90.00 OK
r-release-windows-x86_64 5.3.3 27.00 117.00 144.00 OK
r-oldrel-macos-arm64 5.3.3 43.00 OK
r-oldrel-windows-x86_64 5.3.3 20.00 103.00 123.00 OK

Check Details

Version: 5.3.2
Check: Rd files
Result: NOTE checkRd: (-1) varmod.Rd:99-101: Lost braces in \itemize; meant \describe ? checkRd: (-1) varmod.Rd:102-104: Lost braces in \itemize; meant \describe ? checkRd: (-1) varmod.Rd:105-108: Lost braces in \itemize; meant \describe ? checkRd: (-1) varmod.Rd:109-112: Lost braces in \itemize; meant \describe ? Flavor: r-devel-linux-x86_64-debian-clang

Version: 5.3.3
Check: Rd cross-references
Result: NOTE Undeclared package ‘leaps’ in Rd xrefs Flavor: r-devel-linux-x86_64-fedora-clang