CRAN Package Check Results for Package easycensus

Last updated on 2024-02-25 18:51:22 CET.

Flavor Version Tinstall Tcheck Ttotal Status Flags
r-devel-linux-x86_64-debian-clang 1.1.1 7.35 56.94 64.29 OK
r-devel-linux-x86_64-debian-gcc 1.1.1 5.19 42.38 47.57 OK
r-devel-linux-x86_64-fedora-clang 1.1.1 76.56 NOTE
r-devel-linux-x86_64-fedora-gcc 1.1.1 77.14 NOTE
r-devel-windows-x86_64 1.1.1 6.00 67.00 73.00 OK
r-patched-linux-x86_64 1.1.1 13.13 55.66 68.79 OK
r-release-linux-x86_64 1.1.1 6.13 55.34 61.47 OK
r-release-macos-arm64 1.1.1 31.00 OK
r-release-macos-x86_64 1.1.1 42.00 OK
r-release-windows-x86_64 1.1.1 9.00 71.00 80.00 OK
r-oldrel-macos-arm64 1.1.1 25.00 OK
r-oldrel-windows-x86_64 1.1.1 9.00 72.00 81.00 OK

Check Details

Version: 1.1.1
Check: data for non-ASCII characters
Result: NOTE Note: found 10 marked UTF-8 strings Flavors: r-devel-linux-x86_64-fedora-clang, r-devel-linux-x86_64-fedora-gcc