Last updated on 2023-12-09 18:54:15 CET.
Flavor | Version | Tinstall | Tcheck | Ttotal | Status | Flags |
---|---|---|---|---|---|---|
r-devel-linux-x86_64-debian-clang | 1.0.0 | 11.02 | 283.51 | 294.53 | OK | |
r-devel-linux-x86_64-debian-gcc | 1.0.0 | 10.05 | 200.95 | 211.00 | OK | |
r-devel-linux-x86_64-fedora-clang | 1.0.0 | 369.47 | OK | |||
r-devel-linux-x86_64-fedora-gcc | 1.0.0 | 363.30 | OK | |||
r-devel-windows-x86_64 | 1.0.0 | 12.00 | 234.00 | 246.00 | OK | |
r-patched-linux-x86_64 | 1.0.0 | 17.11 | 266.47 | 283.58 | OK | |
r-release-linux-x86_64 | 1.0.0 | 13.61 | 271.78 | 285.39 | OK | |
r-release-macos-arm64 | 1.0.0 | 120.00 | OK | |||
r-release-macos-x86_64 | 1.0.0 | 181.00 | NOTE | |||
r-release-windows-x86_64 | 1.0.0 | 14.00 | 260.00 | 274.00 | OK | |
r-oldrel-macos-arm64 | 1.0.0 | 114.00 | OK | |||
r-oldrel-macos-x86_64 | 1.0.0 | 202.00 | OK | |||
r-oldrel-windows-x86_64 | 1.0.0 | 16.00 | 264.00 | 280.00 | OK |
Version: 1.0.0
Check: package dependencies
Result: NOTE
Package suggested but not available for checking: ‘untb’
Flavor: r-release-macos-x86_64