Last updated on 2023-12-10 18:52:09 CET.
Flavor | Version | Tinstall | Tcheck | Ttotal | Status | Flags |
---|---|---|---|---|---|---|
r-devel-linux-x86_64-debian-clang | 0.9.4 | 17.87 | 214.19 | 232.06 | OK | |
r-devel-linux-x86_64-debian-gcc | 0.9.4 | 17.29 | 147.94 | 165.23 | OK | |
r-devel-linux-x86_64-fedora-clang | 0.9.4 | 274.86 | NOTE | |||
r-devel-linux-x86_64-fedora-gcc | 0.9.4 | 267.23 | OK | |||
r-devel-windows-x86_64 | 0.9.4 | 19.00 | 156.00 | 175.00 | OK | |
r-patched-linux-x86_64 | 0.9.4 | 23.25 | 193.47 | 216.72 | OK | |
r-release-linux-x86_64 | 0.9.4 | 12.43 | 193.59 | 206.02 | OK | |
r-release-macos-arm64 | 0.9.4 | 83.00 | OK | |||
r-release-macos-x86_64 | 0.9.4 | 159.00 | OK | |||
r-release-windows-x86_64 | 0.9.4 | 23.00 | 194.00 | 217.00 | OK | |
r-oldrel-macos-arm64 | 0.9.4 | 75.00 | OK | |||
r-oldrel-macos-x86_64 | 0.9.4 | 97.00 | OK | |||
r-oldrel-windows-x86_64 | 0.9.4 | 25.00 | 188.00 | 213.00 | OK |
Version: 0.9.4
Check: Rd cross-references
Result: NOTE
Undeclared package ‘magrittr’ in Rd xrefs
Flavor: r-devel-linux-x86_64-fedora-clang