CRAN Package Check Results for Package edina

Last updated on 2023-05-31 20:57:07 CEST.

Flavor Version Tinstall Tcheck Ttotal Status Flags
r-devel-linux-x86_64-debian-clang 0.1.1 41.78 56.06 97.84 NOTE
r-devel-linux-x86_64-debian-gcc 0.1.1 34.44 42.97 77.41 NOTE
r-devel-linux-x86_64-fedora-clang 0.1.1 145.89 NOTE
r-devel-linux-x86_64-fedora-gcc 0.1.1 131.95 NOTE
r-devel-windows-x86_64 0.1.1 35.00 81.00 116.00 NOTE
r-patched-linux-x86_64 0.1.1 NOTE
r-release-linux-x86_64 0.1.1 42.57 53.41 95.98 NOTE
r-release-macos-arm64 0.1.1 39.00 NOTE
r-release-macos-x86_64 0.1.1 63.00 NOTE
r-release-windows-x86_64 0.1.1 46.00 103.00 149.00 NOTE
r-oldrel-macos-arm64 0.1.1 40.00 NOTE
r-oldrel-macos-x86_64 0.1.1 65.00 NOTE
r-oldrel-windows-x86_64 0.1.1 45.00 90.00 135.00 NOTE

Check Details

Version: 0.1.1
Check: C++ specification
Result: NOTE
     Specified C++11: please drop specification unless essential
Flavors: r-devel-linux-x86_64-debian-clang, r-devel-linux-x86_64-debian-gcc, r-devel-linux-x86_64-fedora-clang, r-devel-linux-x86_64-fedora-gcc, r-devel-windows-x86_64, r-patched-linux-x86_64, r-release-linux-x86_64, r-release-macos-arm64, r-release-macos-x86_64, r-release-windows-x86_64

Version: 0.1.1
Check: LazyData
Result: NOTE
     'LazyData' is specified without a 'data' directory
Flavors: r-devel-linux-x86_64-debian-clang, r-devel-linux-x86_64-debian-gcc, r-devel-linux-x86_64-fedora-clang, r-devel-linux-x86_64-fedora-gcc, r-devel-windows-x86_64, r-patched-linux-x86_64, r-release-linux-x86_64, r-release-macos-arm64, r-release-macos-x86_64, r-release-windows-x86_64, r-oldrel-macos-arm64, r-oldrel-macos-x86_64, r-oldrel-windows-x86_64