CRAN Package Check Results for Package editData

Last updated on 2024-02-25 18:51:23 CET.

Flavor Version Tinstall Tcheck Ttotal Status Flags
r-devel-linux-x86_64-debian-clang 0.1.8 5.94 51.46 57.40 OK
r-devel-linux-x86_64-debian-gcc 0.1.8 4.81 39.81 44.62 OK
r-devel-linux-x86_64-fedora-clang 0.1.8 73.14 NOTE
r-devel-linux-x86_64-fedora-gcc 0.1.8 80.35 NOTE
r-devel-windows-x86_64 0.1.8 7.00 64.00 71.00 OK
r-patched-linux-x86_64 0.1.8 4.30 50.37 54.67 OK
r-release-linux-x86_64 0.1.8 3.98 51.05 55.03 OK
r-release-macos-arm64 0.1.8 41.00 OK
r-release-macos-x86_64 0.1.8 57.00 OK
r-release-windows-x86_64 0.1.8 8.00 73.00 81.00 OK
r-oldrel-macos-arm64 0.1.8 29.00 NOTE
r-oldrel-windows-x86_64 0.1.8 11.00 75.00 86.00 OK

Check Details

Version: 0.1.8
Check: dependencies in R code
Result: NOTE Namespaces in Imports field not imported from: ‘dplyr’ ‘magrittr’ ‘tibble’ All declared Imports should be used. Flavors: r-devel-linux-x86_64-fedora-clang, r-devel-linux-x86_64-fedora-gcc, r-oldrel-macos-arm64